-11) + 42/77?
28
Let b = -182 - -276. Suppose -80 - b = -3*o. Calculate the remainder when o is divided by 12.
10
Let u(a) = 2*a**3 - 29*a**2 + 5*a + 153. What is the remainder when 455 is divided by u(14)?
23
Calculate the remainder when 97 is divided by (30/(-21))/(((-1)/(-14))/(-1)).
17
Let h = 338 + 592. Suppose 0 = 4*k + 11*k - h. Suppose -5*d + 63 = -2. Calculate the remainder when k is divided by d.
10
Suppose -y = 0, 6*y = -4*h + 2*y - 320. Let l = -54 - h. What is the remainder when 51 is divided by l?
25
Calculate the remainder when (-52)/39*(-369)/6 is divided by 57.
25
Let g(y) = 2*y + 47. Calculate the remainder when 156/4*(-2)/(-3) is divided by g(-20).
5
Let m = 88 + 3. What is the remainder when m is divided by 19?
15
Let b(a) be the third derivative of 0 - 9*a**2 + 0*a - 1/2*a**3 + 1/60*a**5 + 0*a**4. Calculate the remainder when b(4) is divided by 5.
3
Let h(j) = -j**2 + 8*j + 62. Let p = 0 - -67. Calculate the remainder when p is divided by h(12).
11
Let a(u) = -18*u + 76. Calculate the remainder when 233 is divided by a(3).
13
Let p = -146 - -159. Calculate the remainder when 155 is divided by p.
12
Suppose 9*i - 144 = 198. Calculate the remainder when 172 is divided by i.
20
Let w = -313 - -330. Calculate the remainder when 96 is divided by w.
11
Let k = -89 - -62. Let o = -27 - k. Calculate the remainder when 43 is divided by -2 - o - -15 - -2.
13
Suppose 0 = 28*k + 3*k - 1922. What is the remainder when 118 is divided by k?
56
Let r be 2 + 152 + 3 + 3. Suppose -5*o = -0 + r. Let u = o - -46. Calculate the remainder when u is divided by 8.
6
Let h = 15 + -10. Suppose 2*t - 17 = l + 28, -h*l = 4*t - 111. Calculate the remainder when t is divided by 9.
6
Suppose -4*q - 14 = -x, -3*x - q + 6 = -23. Calculate the remainder when 109 is divided by x.
9
Let y(u) = -45*u - 335. Calculate the remainder when 61 is divided by y(-8).
11
Let v(c) = 2*c**2 + 110*c + 154. Calculate the remainder when v(-55) is divided by 41.
31
Suppose 0 = -g - 2*b - 10 + 78, -2*g + 2*b = -154. Calculate the remainder when 253 is divided by g.
31
Let r = -489 - -505. What is the remainder when 105 is divided by r?
9
Suppose -75*x = -3*h - 71*x + 84, 2*h = -3*x + 90. Calculate the remainder when 1722/8 + (-2)/8 is divided by h.
35
Let h = 96 + 72. What is the remainder when h is divided by 36?
24
Suppose 32 - 116 = -2*q. Calculate the remainder when q is divided by 11.
9
Suppose 5*n = 3*b + 3*n - 1, 17 = -b + 5*n. Suppose 5*x + 0*x - 74 = j, b*j + 72 = 5*x. Calculate the remainder when x is divided by 5.
0
Let u(b) = b**2 - b - 66. What is the remainder when 29 is divided by u(-8)?
5
Let l = 119 - 72. Let c(o) = 74*o - 11156. What is the remainder when c(152) is divided by l?
45
Suppose -2*m = -q - 182 - 48, 4*m = -5*q + 460. Let z = -59 + m. What is the remainder when z is divided by 19?
18
Let w = 19 - -1. Suppose 3*n = -n + w. Let y = 23929 - 23922. What is the remainder when y is divided by n?
2
Let t(g) = 2*g**2 + 20*g + 11. Let b be (10/15)/(8/(-132)). Calculate the remainder when t(b) is divided by 1/(-2 - (-19)/9).
6
Let o(d) = d - 17. Let j be o(22). Suppose 0 = j*w + 65 - 165. Calculate the remainder when 76 is divided by w.
16
Suppose -7*p + 831 = -1031. Suppose 5*u + 6 = 5*d + p, 0 = d + 5. What is the remainder when 232 is divided by u?
44
Let f(k) = -117*k**2 + k. Let v be f(-1). Let i = v - -166. What is the remainder when i is divided by 17?
14
Let s = 30 + -12. Suppose 0 = 132*d - 146*d + 462. Calculate the remainder when d is divided by s.
15
Let d(h) = h**3 + 7*h**2 + h + 1. Let i(o) = 2*o - 40. Let y be i(17). Calculate the remainder when 36 is divided by d(y).
5
Suppose -329 = -15*g - 89. What is the remainder when (1 + 81/6)*2 is divided by g?
13
Suppose 0*q = q - 12. Suppose 3*b + 2*c - 4*c = 220, -2*c = -4*b + 296. Let o = -54 + b. Calculate the remainder when o is divided by q.
10
Let n = -327 - -566. Calculate the remainder when n is divided by 40.
39
Let a be (10 + -3)*2/7. Suppose -a*g + 4*w + 32 = 0, 4*g + 2*w - 46 = w. Suppose -2*o + g = -0*o. What is the remainder when 21 is divided by o?
3
Let i = -118 + 212. Calculate the remainder when i is divided by 16.
14
Suppose 0 = g + v - 19, 2*g = 7*g + 2*v - 89. Let u = -2211 - -2242. Calculate the remainder when u is divided by g.
14
Let v(i) = i**3 - 3*i**2 + 6*i + 8. Let w be v(6). Suppose 4*p + 4 = w. Calculate the remainder when p is divided by 10.
7
Suppose 11*f - 39 = 93. Calculate the remainder when 117 is divided by f.
9
Let i(c) = c**2 + c - 6. Let k be (-91)/21 - 1/(-3). What is the remainder when 21 is divided by i(k)?
3
Let y = 0 - 0. Suppose -t - t - 5*d + 23 = y, 0 = d - 3. Suppose -4*c = 4*q - 24, 4*q - 15 = 3*c + 16. What is the remainder when q is divided by t?
3
Suppose 0 = 5*v + 3*v + 320. Let z = v + 83. Calculate the remainder when z is divided by 17.
9
Suppose 129 = -11*t + 371. Let o(l) be the first derivative of 2*l**3/3 + 7*l**2/2 + l - 1. What is the remainder when o(5) is divided by t?
20
Suppose 5*j - 88 = j - 2*k, 4*k + 88 = 4*j. Calculate the remainder when 8 + -10 - -5 - (-40 - -1) is divided by j.
20
Let b(k) = 48*k - 302. What is the remainder when b(7) is divided by 14?
6
Let t(g) = g**2 + 11*g + 16. What is the remainder when 92/3 + ((-8)/(-6) - 1) is divided by t(-11)?
15
Let q = 18 - 7. Suppose -2*y - 3*y = -20. Suppose y = 2*u - 8. What is the remainder when q is divided by u?
5
Suppose -4*q = q - 455. What is the remainder when q is divided by -1 + -3 - (-385)/(16 - 5)?
29
Let j = -1744 - -1754. Let c = -279 + 449. Suppose 5*f - 20 - c = 0. Calculate the remainder when f is divided by j.
8
Suppose 2*l = -2*l + 5*x + 976, -2*x - 988 = -4*l. Calculate the remainder when l is divided by 25.
24
Let i(r) be the second derivative of r**3/3 + 5*r**2/2 - 3*r. Let q be i(8). Suppose 17*d = q*d - 100. Calculate the remainder when d is divided by 9.
7
Suppose 3*v - 318 = 3*w, 0*w - 5*w + 247 = 2*v. Suppose 0 = 5*a - 344 - v. What is the remainder when a is divided by 23?
22
Let f = 51 + -11. Let x = f - 18. What is the remainder when x is divided by (-4 - (-12)/18)*9/(-5)?
4
Calculate the remainder when ((-4)/(-16) - 11)/((-2)/8) is divided by 25.
18
Let f(k) = -k**3 - 6*k**2 - 8*k - 11. Let v be f(-5). Suppose v*o - 10 = 70. What is the remainder when 97 is divided by o?
17
Suppose -t + 23 = -0*f + f, 3*t + 2*f = 67. Let w be (-14 - -1) + (-3)/(-3). Let i = w + t. What is the remainder when i is divided by 5?
4
Suppose 332 + 364 = -8*j. What is the remainder when (0 + j/3)*(-2)/2 is divided by 16?
13
Let o(w) = -2*w + w**2 - 7*w - 12 + 2*w. Let z be o(13). Suppose 3*t + 0*t - z = 0. What is the remainder when 65 is divided by t?
21
Suppose 0 = -4*i + 172 + 8. Let w be (-2)/(-4)*-2*-2. Suppose 4*t = -w*c + 72, -7*t + 4*c = -2*t - 64. Calculate the remainder when i is divided by t.
13
Suppose -26*m + 2656 = -10*m. Calculate the remainder when m is divided by 42.
40
Let b(g) = -g**3 + 16*g**2 - 4. Let n be b(16). Calculate the remainder when (-6)/n - (-4 - (-28)/8) is divided by 1.
0
Let d = 457 - 424. Calculate the remainder when 97 is divided by d.
31
Let k(v) be the first derivative of -v**3/3 + 7*v**2 + 4*v + 3. Suppose 0*b + b = 13. Calculate the remainder when b is divided by k(14).
1
Let h be 12/2*1 + 51/(-17). Suppose -8 = -5*m + 17, -3*u = h*m - 27. What is the remainder when 10 is divided by u?
2
Suppose 31*o + 160 = 33*o. Suppose 57*t - o = 52*t. What is the remainder when 31 is divided by t?
15
Suppose -3*g + 4*b + 18 = 0, 5*b - 7 = -3*g + 38. What is the remainder when 35 is divided by g?
5
Let n = 1250 + -1086. What is the remainder when n is divided by 75?
14
Let w(s) = s**3 + s + 1. Let y(b) = -7*b**2 - b - 3. Let d(a) = -w(a) - y(a). Let r be d(7). What is the remainder when 6/(1 + r) + 58 is divided by 31?
29
Let g = 1263 + -167. What is the remainder when g is divided by 50?
46
Suppose 6*k - 424 - 188 = 0. What is the remainder when k is divided by 7?
4
Let u(r) = -7*r**2 + 9*r**2 + 6*r**2 - 3 + r. What is the remainder when u(2) is divided by 108/10 + (-3)/(-15)?
9
Suppose -657 + 93 = -2*o. Let l = -173 + o. Suppose -129 = -8*k + 95. Calculate the remainder when l is divided by k.
25
Let v = 803 + -688. Calculate the remainder w